2939453?
4
What is the billions digit of 1489674225?
1
What is the ten millions digit of 238062404?
3
What is the tens digit of 550062236?
3
What is the hundred thousands digit of 66941841?
9
What is the ten thousands digit of 52081826?
8
What is the hundred millions digit of 584503590?
5
What is the millions digit of 29827444?
9
What is the ten millions digit of 85777886?
8
What is the hundreds digit of 52596090?
0
What is the tens digit of 141971613?
1
What is the ten millions digit of 466701862?
6
What is the hundred thousands digit of 16641515?
6
What is the hundreds digit of 81718201?
2
What is the tens digit of 104067846?
4
What is the ten millions digit of 103099266?
0
What is the ten thousands digit of 5232541655?
4
What is the thousands digit of 189902105?
2
What is the tens digit of 5528659245?
4
What is the hundred thousands digit of 45112500?
1
What is the tens digit of 852243950?
5
What is the hundred millions digit of 7327168485?
3
What is the millions digit of 202055850?
2
What is the hundreds digit of 37876240?
2
What is the hundreds digit of 156535323?
3
What is the millions digit of 1177087253?
7
What is the millions digit of 193782429?
3
What is the ten millions digit of 161895889?
6
What is the ten thousands digit of 60501792?
0
What is the hundred thousands digit of 3356649?
3
What is the hundred thousands digit of 1597396251?
3
What is the ten millions digit of 74682292?
7
What is the thousands digit of 34848513?
8
What is the hundreds digit of 2856763729?
7
What is the ten thousands digit of 2396651365?
5
What is the ten thousands digit of 568490594?
9
What is the units digit of 488834518?
8
What is the millions digit of 10489098?
0
What is the ten millions digit of 30147392?
3
What is the hundred millions digit of 236544659?
2
What is the millions digit of 6059436080?
9
What is the hundred thousands digit of 90424741?
4
What is the millions digit of 3540184137?
0
What is the millions digit of 406384452?
6
What is the ten thousands digit of 2035102277?
0
What is the millions digit of 2487730?
2
What is the ten thousands digit of 1528580837?
8
What is the hundred thousands digit of 272181221?
1
What is the millions digit of 337320553?
7
What is the ten thousands digit of 881000124?
0
What is the thousands digit of 1513306160?
6
What is the thousands digit of 231091992?
1
What is the thousands digit of 19560209?
0
What is the thousands digit of 2471695?
1
What is the thousands digit of 101252367?
2
What is the hundred thousands digit of 47474206?
4
What is the thousands digit of 1581809960?
9
What is the millions digit of 324109393?
4
What is the thousands digit of 48801503?
1
What is the millions digit of 497845676?
7
What is the units digit of 237427666?
6
What is the ten thousands digit of 561352187?
5
What is the hundreds digit of 260180592?
5
What is the hundred thousands digit of 3785812112?
8
What is the thousands digit of 4987246?
7
What is the millions digit of 30610327?
0
What is the ten thousands digit of 39946609?
4
What is the hundred thousands digit of 160337242?
3
What is the ten thousands digit of 28447372?
4
What is the thousands digit of 26727971?
7
What is the hundreds digit of 331457562?
5
What is the millions digit of 37891927?
7
What is the ten thousands digit of 8200598?
0
What is the hundred thousands digit of 78165927?
1
What is the millions digit of 4599414113?
9
What is the ten thousands digit of 3307737580?
3
What is the hundred thousands digit of 75336747?
3
What is the ten millions digit of 330102037?
3
What is the ten thousands digit of 6510518840?
1
What is the millions digit of 46889756?
6
What is the units digit of 23295327?
7
What is the thousands digit of 3402571686?
1
What is the hundred thousands digit of 43665644?
6
What is the ten thousands digit of 538907605?
0
What is the ten millions digit of 1541079468?
4
What is the hundred thousands digit of 2752807010?
8
What is the hundred millions digit of 4710420537?
7
What is the hundred thousands digit of 6031218?
0
What is the hundreds digit of 3505525?
5
What is the hundred thousands digit of 26347767?
3
What is the tens digit of 947452778?
7
What is the hundred thousands digit of 137474379?
4
What is the ten thousands digit of 1157794758?
9
What is the thousands digit of 6510152?
0
What is the hundred thousands digit of 1328361046?
3
What is the thousands digit of 114139541?
9
What is the tens digit of 1032159890?
9
What is the thousands digit of 325956348?
6
What is the tens digit of 6397935?
3
What is the hundred thousands digit of 3793558194?
5
What is the hundreds digit of 178763?
7
What is the tens digit of 62871791?
9
What is the millions digit of 34035388?
4
What is the ten thousands digit of 85416239?
1
What is the units digit of 273248537?
7
What is the units digit of 46341317?
7
What is the tens digit of 269935762?
6
What is the units digit of 2273809?
9
What is the millions digit of 44826370?
4
What is the hundred thousands digit of 96017603?
0
What is the tens digit of 6820272?
7
What is the ten millions digit of 312446897?
1
What is the ten thousands digit of 1065680307?
8
What is the hundred millions digit of 1009382183?
0
What is the tens digit of 41380695?
9
What is the hundred thousands digit of 333361072?
3
What is the thousands digit of 185138860?
8
What is the tens digit of 46545090?
9
What is the units digit of 3206169016?
6
What is the units digit of 320782872?
2
What is the hundreds digit of 1219410?
4
What is the thousands digit of 719537822?
7
What is the hundreds digit of 32488574?
5
What is the hundred millions digit of 265280447?
2
What is the hundreds digit of 182753046?
0
What is the thousands digit of 94072190?
2
What is the ten millions digit of 2264412306?
6
What is the hundred thousands digit of 4579501012?
5
What is the thousands digit of 56343579?
3
What is the billions digit of 1559278251?
1
What is the hundred millions digit of 1124839494?
1
What is the thousands digit of 458547661?
7
What is the ten thousands digit of 4834766025?
6
What is the hundreds digit of 290771913?
9
What is the hundred millions digit of 604374257?
6
What is the tens digit of 62775942?
4
What is the hundred millions digit of 1125891095?
1
What is the thousands digit of 94800481?
0
What is the thousands digit of 116196831?
6
What is the hundred thousands digit of 402892626?
8
What is the tens digit of 1560623640?
4
What is the ten thousands digit of 16634157?
3
What is the units digit of 578097203?
3
What is the units digit of 5501728380?
0
What is the hundreds digit of 1579591671?
6
What is the hundreds digit of 1144695034?
0
What is the tens digit of 816816960?
6
What is the thousands digit of 111256456?
6
What is the tens digit of 3560799?
9
What is the tens digit of 853739170?
7
What is the hundreds digit of 4001470749?
7
What is the ten millions digit of 651874755?
5
What is the hundred millions digit of 915400281?
9
What is the ten thousands digit of 259921395?
2
What is the millions digit of 403555823?
3
What is the millions digit of 18682779?
8
What is the hundred millions digit of 1698508085?
6
What is the millions digit of 81576798?
1
What is the hundreds digit of 76005909?
9
What is the ten thousands digit of 2748281524?
8
What is the millions digit of 194527432?
4
What is the hundreds digit of 25079060?
0
What is the hundred thousands digit of 1897825386?
8
What is the units digit of 1658978420?
0
What is the tens digit of 779179125?
2
What is the tens digit of 33829615?
1
What is the hundreds digit of 343567151?
1
What is the hundred thousands digit of 145878438?
8
What is the millions digit of 2828500494?
8
What is the ten thousands digit of 270975458?
7
What is the ten millions digit of 53864262?
5
What is the hundreds digit of 38767947?
9
What is the thousands digit of 636257448?
7
What is the tens digit of 10449308?
0
What is the ten millions digit of 84372005?
8
What is the thousands digit of 2169486659?
6
What is the thousands digit of 37920687?
0
What is the hundred millions digit of 2545839769?
5
What is the tens digit of 64776648?
4
What is the ten millions digit of 1971612279?
7
What is the thousands digit of 717809595?
9
What is the units digit of 147347326?
6
What is the hundreds digit of 548656